r = 3*f - 3765, 3769 = -17*f + 20*f + r. What is the tens digit of f?
5
Suppose -g = 3*h + 1336 - 8072, -2*g - 4504 = -2*h. What is the hundreds digit of h?
2
Let n = 153 + -151. What is the tens digit of -4*((-375)/20 + n)?
6
What is the units digit of 4308/12 + 0/(1 - -2)?
9
Suppose -38 = -l + 10. What is the tens digit of l?
4
Suppose -194 + 14 = k. Let h = 355 + k. Suppose -5*f + 0*f + h = 0. What is the tens digit of f?
3
Let h be 3 - 8 - (-3 - 1). Let u(c) = -212*c + 2. What is the hundreds digit of u(h)?
2
Let w = 14 + -17. What is the hundreds digit of (103/w + (-2 - -1))*-3?
1
Let l(g) = 3*g - 1. Let f be l(4). Suppose -4*c + f = -5. Suppose c*t + 211 = 3*m + 6*t, 4*m - 266 = 5*t. What is the tens digit of m?
6
Let s be 3 + 7/(28/(-20)). What is the units digit of (s*4/4)/2*-37?
7
Let r be (-4)/(-6) + (-152)/(-6). Suppose 0 = 3*w - 349 - r. Suppose 0 = 3*p - w + 8. What is the units digit of p?
9
Suppose 0 = -6*v - 188 + 986. What is the tens digit of v?
3
Suppose 1531 + 1482 = 3*i - 4*u, -i + 5*u + 997 = 0. What is the hundreds digit of i?
0
Let m(g) = -g**2 - 9*g - 20. Let h be m(-5). Suppose h = 5*s - 1 + 16, -5*s = -4*j + 303. What is the tens digit of j?
7
Let d be (-3)/(-3) - (-8 + 6). Let v be d/(3/(-30)*3). Let o(l) = -3*l. What is the tens digit of o(v)?
3
Suppose 0 = j + j - 5*f - 21, 2*j + 5*f + 9 = 0. Suppose -15 = -3*c, 0 = -j*i - 2*c + 50 + 173. What is the units digit of i?
1
Suppose -37*m - 80 = -41*m. What is the tens digit of m?
2
Suppose -3*p + 2*u - 6*u = -6926, 3*p - 3*u - 6912 = 0. What is the units digit of p?
6
Suppose z - 103 = 2*w - 0*z, -4*z = -2*w - 94. Let r be 97 - ((-24)/(-4))/3. Let y = w + r. What is the units digit of y?
2
Suppose -32*g + 29*g + 2*l = -10149, 0 = -4*g - l + 13532. What is the hundreds digit of g?
3
Let q = 40 - 31. Suppose q = k + 3. What is the units digit of k?
6
Suppose 6*y - 24729 = 1929. What is the thousands digit of y?
4
What is the units digit of (222/4)/((-18)/(-240))?
0
Suppose 5 = -m - 2*h, 3*m + 1 = -5*h - 9. Let c = 47 - 42. Suppose 36 = 2*a - m*u, c*a - 2*u - 2*u - 124 = 0. What is the tens digit of a?
2
Let p = 667 + -336. What is the units digit of p?
1
What is the tens digit of 100*((-2)/(-20))/(60/8850)?
7
Let d be (4 - 2)/((-2)/(-6)). Let l(k) = 4*k + 3. Let p be l(5). Suppose v = d + p. What is the tens digit of v?
2
Let c be (-1)/(((-1)/(-1))/(-3)). Suppose -c*w + 82 = -2*w. Suppose -2*a + 3*z + w = -z, -2*z + 99 = 3*a. What is the units digit of a?
5
Let k be (13 - 5)*(1 - 0). Suppose 6 - 38 = -k*o. Suppose 141 = 4*a - 5*j, 5*a - o*j - 165 = 18. What is the tens digit of a?
3
What is the thousands digit of (15 - -5)/((1 - -1)/404)?
4
Let x = 59 + -55. Suppose k - 35 = 4*d + 143, x = -2*d. What is the units digit of k?
0
Suppose 101*h + 21420 = 115*h. What is the hundreds digit of h?
5
Let f = 10 - 7. Let y = -9 + f. Let u = 12 - y. What is the units digit of u?
8
Suppose 4*s + 3*a - 2591 = 0, -11*a - 1303 = -2*s - 14*a. What is the units digit of s?
4
Suppose 0 = 6*r - 8*r + 62. Let x be (-2 - 2/(-2))*-5. Suppose f - 3*n - r = 0, 2*n - 4*n - 116 = -x*f. What is the tens digit of f?
2
Suppose 4*y - 164 = -5*s + 180, 4*s - 3*y - 269 = 0. Suppose 0*k + 34 = 2*k + 5*f, -5*f + s = 4*k. What is the units digit of k?
7
Let h(k) = 1105*k - 51. What is the hundreds digit of h(2)?
1
Let z(x) = -2*x**3 - x + 1. Let l be z(1). Let v(p) = -2 + 2*p - 4*p**3 - 9 - 8 + 18. What is the tens digit of v(l)?
2
Suppose -20 = -4*n, 0 = -5*y + 9*n - 5*n + 2385. What is the tens digit of y?
8
Let o(v) = v**3 + 9*v**2 + 10*v + 18. Let r be o(-6). Let a = 252 - r. What is the tens digit of a?
8
Let v(j) = j**3 + 8*j**2 - 4*j + 15. Let g be v(-7). Let a = g - 39. What is the units digit of a?
3
Suppose s = -16*b + 12*b + 281, -1359 = -5*s + 3*b. What is the hundreds digit of s?
2
What is the units digit of (-15)/(270/(-4128))*3?
8
What is the tens digit of (51/12)/(7 - (-307)/(-44))?
8
Suppose -k = n, 10 = 3*k + k - n. Suppose -2*v - l = -325, 2*l + 345 = k*v - l. What is the units digit of v?
5
Let r be (-1)/(-3) - (-58)/6. Let g = 14 + r. What is the units digit of (g - -2) + (-9)/3?
3
Suppose -8*h - 3 = -9*h. Suppose -2*g + 39 = h*o - 37, -g + 50 = 2*o. What is the units digit of o?
4
Let y be (-2)/(-6) + 16/(-12). What is the tens digit of 2512/64 + y/4?
3
Let v(i) = -55*i + 1. Let y(f) = -3 - 2 + 2 + 123*f + 43*f. Let u(t) = -7*v(t) - 2*y(t). What is the units digit of u(1)?
2
Let m(a) = -a**2 - 5*a - 9. Let z be m(-6). Let f = z - -30. Suppose f*y - 75 = 10*y. What is the tens digit of y?
1
Let m(p) be the third derivative of -p**5/60 + 13*p**4/24 + 8*p**2. What is the tens digit of m(8)?
4
Let d be (7 + -4)/(-1 + 2). Suppose -2*a = d*g - 5, -2*g - 2*g = -4*a. Suppose -2*o = 4*k - 74, 2*o - 5*k - a - 55 = 0. What is the tens digit of o?
3
Let z be (-46)/(-69)*3/(-2). What is the units digit of z/(114/240 - (-3)/(-5))?
8
Let i = 45 - -19. Suppose 6*w - i = 2*w. Suppose -t - t + w = 0. What is the units digit of t?
8
Let r = -39 - -34. Let u be (-9 - -1)/(-3 - r). What is the units digit of u/(-10) + (-304)/(-40)?
8
Let w(p) = 960*p**2 - 4*p + 2. What is the units digit of w(-2)?
0
What is the units digit of (70 + -68)*(552 - 1)?
2
Let j(i) = 56*i**3 - 6*i**2 - 10*i - 17. What is the hundreds digit of j(4)?
4
Suppose 4*b - 9741 = -5*o, b = -4*o + 5*o - 1941. What is the thousands digit of o?
1
Suppose 3*o = 4*y + 32, 0 = 4*y + 3*o + 15 + 17. Let v(b) be the first derivative of b**2 + 17*b + 106. What is the units digit of v(y)?
1
Suppose n - 11 = -4. What is the units digit of (-7)/49 - 71*(-1)/n?
0
Suppose 5*r + 3*w + 0*w - 23 = 0, -3*r + 9 = -3*w. Suppose u = -4*u + 4*l + 76, r*u + 3*l = 36. What is the units digit of u?
2
Let b(y) be the first derivative of -14*y**2 + 20*y + 11. What is the hundreds digit of b(-7)?
2
Let q be (-10)/6 + 22/6. What is the tens digit of (-116)/(-2) + q + 0?
6
Suppose 3*v - 4*w - 1226 - 5095 = 0, -5*w = -3*v + 6321. What is the hundreds digit of v?
1
What is the hundreds digit of 10 - 273/28 - 2702/(-8)?
3
Suppose 18*m + 6775 = 26647. What is the hundreds digit of m?
1
What is the tens digit of -5 - (6 - (-1890)/(-5))?
6
Let d(x) = x**3 - 13*x**2 + 43*x - 4. What is the tens digit of d(17)?
8
Suppose 0*f + 31 = f - 5*j, 0 = f - 4*j - 26. Let a(d) = d**2 - 7*d - d**2 + 2*d**2 + 0*d + f. What is the units digit of a(4)?
0
Let p(j) = 75*j + 80. What is the tens digit of p(8)?
8
Suppose 34*p - 130152 = -10*p. What is the hundreds digit of p?
9
Let r(i) = 193*i - 11. What is the hundreds digit of r(5)?
9
Let m be 3/6 - (-1145)/10. Let j = m - 79. What is the tens digit of j?
3
Suppose -5*j - 598 = 2*x, -2*j - 2*x - 358 = j. What is the tens digit of (20/(-3))/(-2)*(-2376)/j?
6
Suppose 5*g - 9*g = -3*n + 15294, -15 = -5*g. What is the hundreds digit of n?
1
Let j be 318/14 - (-4)/14. Suppose j + 25 = z. What is the units digit of (9/(-12))/((-3)/z)?
2
Let a = 133 + -268. Let g = 188 + a. What is the tens digit of g?
5
What is the tens digit of 4/16 + (-15)/24*-246?
5
Suppose 6*j - 1064 = 2*j. What is the hundreds digit of j?
2
Let x be (5/5 - -100)*1. Suppose x = 60*l - 59*l. What is the units digit of l?
1
Suppose -25*u = -31*u + 2298. What is the units digit of u?
3
Let b = -113 + 170. Let y = b - -5. What is the tens digit of y?
6
What is the hundreds digit of (-6519)/(-15) + 2 - 4/(-10)?
4
Let b = 4 - 0. Suppose b*r + 301 + 11 = 4*t, -3*r = -2*t + 157. What is the tens digit of t?
7
Let p(k) = 35*k + 14. Let m be p(5). Suppose 0 = 2*l - m + 33. What is the units digit of l?
8
Let n = 806 - 281. What is the units digit of (0 + -10 + 0)/((-42)/n)?
5
Suppose 164 = 2*c + 10. What is the tens digit of c?
7
Suppose 3*o + 6 = -5*b, o + 2 = -0*b - 3*b. Suppose -2*s + 18*s - 4496 = b. What is the units digit of s?
1
Let w(x) = -x**2 - 3*x + 4. Let z be w(-5). Let n(a) = 2*a**2 - 2*a - 4. What is the tens digit of n(z)?
8
Let u be (119/(-14))/(2/(-20)). What is the units digit of 0 + (-2 - -1) + u?
4
Let y(d) = 165*d**2 + 11*d + 47. What is the units digit of y(-3)?
9
Let j be (-138)/(-42) + 4/(-14). Suppose -3*s + 30 = j*u, 5*s + 2*u + 2*u = 45. Suppose 0 = 3*b - s - 34. What is the units digit of b?
3
Let k(y) be the first derivative of y**3/3 + 13*y**2/2 + 